{"id":35,"date":"2026-03-16T16:06:16","date_gmt":"2026-03-16T16:06:16","guid":{"rendered":"https:\/\/3dmyndir.is\/?page_id=35"},"modified":"2026-03-16T16:06:16","modified_gmt":"2026-03-16T16:06:16","slug":"forsida","status":"publish","type":"page","link":"https:\/\/3dmyndir.is\/","title":{"rendered":"Fors\u00ed\u00f0a"},"content":{"rendered":"\n<div class=\"wp-block-cover\" style=\"min-height:560px;aspect-ratio:unset;\"><span aria-hidden=\"true\" class=\"wp-block-cover__background has-background-dim-45 has-background-dim\"><\/span><img decoding=\"async\" class=\"wp-block-cover__image-background\" alt=\"\" src=\"https:\/\/images.unsplash.com\/photo-1504307651254-35680f356dfd?q=80&amp;w=1600&amp;auto=format&amp;fit=crop\" data-object-fit=\"cover\"\/><div class=\"wp-block-cover__inner-container is-layout-flow wp-block-cover-is-layout-flow\">\n\n<div class=\"wp-block-group is-layout-constrained wp-container-core-group-is-layout-f36bc466 wp-block-group-is-layout-constrained\">\n\n<h1 class=\"wp-block-heading has-text-align-center\" style=\"font-size:52px;font-style:normal;font-weight:700\">3D skr\u00e1ning bygginga, eigna og framkv\u00e6mda<\/h1>\n\n\n<p class=\"has-text-align-center\" style=\"font-size:22px\">Matterport sk\u00f6nnun, dr\u00f3namyndataka og stafr\u00e6nar 3D lausnir fyrir fyrirt\u00e6ki, fasteignir og framkv\u00e6mdir.<\/p>\n\n\n<div class=\"wp-block-buttons is-content-justification-center is-layout-flex wp-container-core-buttons-is-layout-a89b3969 wp-block-buttons-is-layout-flex\">\n\n<div class=\"wp-block-button\"><a class=\"wp-block-button__link has-base-color has-contrast-background-color has-text-color has-background wp-element-button\" href=\"\/hafdu-samband\/\">F\u00e1 tilbo\u00f0<\/a><\/div>\n\n\n<div class=\"wp-block-button is-style-outline is-style-outline--1\"><a class=\"wp-block-button__link wp-element-button\" href=\"\/thjonusta\/\">Sko\u00f0a \u00fej\u00f3nustu<\/a><\/div>\n\n<\/div>\n\n<\/div>\n\n<\/div><\/div>\n\n\n\n<div class=\"wp-block-group is-layout-constrained wp-container-core-group-is-layout-bd13d52a wp-block-group-is-layout-constrained\" style=\"padding-top:70px;padding-bottom:30px\">\n<h2 class=\"wp-block-heading has-text-align-center\">Sk\u00fdrari yfirs\u00fdn me\u00f0 3D t\u00e6kni<\/h2>\n\n\n\n<p class=\"has-text-align-center\" style=\"font-size:19px\">3Dmyndir.is hj\u00e1lpar fyrirt\u00e6kjum, fasteignaeigendum og verkt\u00f6kum a\u00f0 sj\u00e1 eignir, byggingar og verkefni betur me\u00f0 n\u00fat\u00edmalegri t\u00e6kni. Vi\u00f0 bj\u00f3\u00f0um upp \u00e1 Matterport sk\u00f6nnun, dr\u00f3namyndat\u00f6ku og sj\u00f3nr\u00e6na 3D skr\u00e1ningu sem n\u00fdtist b\u00e6\u00f0i til kynningar, skjalfestingar og eftirlits.<\/p>\n<\/div>\n\n\n\n<div class=\"wp-block-columns alignwide is-layout-flex wp-container-core-columns-is-layout-d0b2c0b1 wp-block-columns-is-layout-flex\" style=\"padding-top:20px;padding-bottom:30px\">\n<div class=\"wp-block-column is-layout-flow wp-block-column-is-layout-flow\">\n<div class=\"wp-block-group has-background is-layout-constrained wp-container-core-group-is-layout-caa61cb2 wp-block-group-is-layout-constrained\" style=\"border-radius:18px;background-color:#f6f8fb;padding-top:28px;padding-right:28px;padding-bottom:28px;padding-left:28px\">\n<h3 class=\"wp-block-heading\">Matterport sk\u00f6nnun<\/h3>\n\n\n\n<p>Gagnvirk 3D ganga um h\u00fasn\u00e6\u00f0i, atvinnur\u00fdmi og fasteignir sem gerir vi\u00f0skiptavinum kleift a\u00f0 sko\u00f0a r\u00fdmi\u00f0 \u00e1 netinu \u00e1 einfaldan og faglegan h\u00e1tt.<\/p>\n<\/div>\n<\/div>\n\n\n\n<div class=\"wp-block-column is-layout-flow wp-block-column-is-layout-flow\">\n<div class=\"wp-block-group has-background is-layout-constrained wp-container-core-group-is-layout-caa61cb2 wp-block-group-is-layout-constrained\" style=\"border-radius:18px;background-color:#f6f8fb;padding-top:28px;padding-right:28px;padding-bottom:28px;padding-left:28px\">\n<h3 class=\"wp-block-heading\">Dr\u00f3namyndataka<\/h3>\n\n\n\n<p>Loftmyndir og yfirs\u00fdn yfir byggingar, l\u00f3\u00f0ir og framkv\u00e6mdasv\u00e6\u00f0i. Hentar vel fyrir kynningu, \u00e1standsskr\u00e1ningu og sj\u00f3nr\u00e6na yfirs\u00fdn.<\/p>\n<\/div>\n<\/div>\n\n\n\n<div class=\"wp-block-column is-layout-flow wp-block-column-is-layout-flow\">\n<div class=\"wp-block-group has-background is-layout-constrained wp-container-core-group-is-layout-caa61cb2 wp-block-group-is-layout-constrained\" style=\"border-radius:18px;background-color:#f6f8fb;padding-top:28px;padding-right:28px;padding-bottom:28px;padding-left:28px\">\n<h3 class=\"wp-block-heading\">Framv\u00f6ktun framkv\u00e6mda<\/h3>\n\n\n\n<p>Regluleg skr\u00e1ning byggingarsv\u00e6\u00f0a me\u00f0 dr\u00f3na og 3D vinnslu sem au\u00f0veldar samanbur\u00f0, framvindumat og skjalfestingu yfir t\u00edma.<\/p>\n<\/div>\n<\/div>\n<\/div>\n\n\n\n<div class=\"wp-block-group is-layout-constrained wp-container-core-group-is-layout-22b443e0 wp-block-group-is-layout-constrained\" style=\"padding-top:30px;padding-bottom:20px\">\n<h2 class=\"wp-block-heading has-text-align-center\">Lausnir fyrir \u00f3l\u00edka a\u00f0ila<\/h2>\n<\/div>\n\n\n\n<div class=\"wp-block-columns alignwide is-layout-flex wp-container-core-columns-is-layout-d937f815 wp-block-columns-is-layout-flex\">\n<div class=\"wp-block-column is-layout-flow wp-block-column-is-layout-flow\">\n<div class=\"wp-block-group has-background is-layout-constrained wp-container-core-group-is-layout-3bcd2578 wp-block-group-is-layout-constrained\" style=\"border-radius:16px;background-color:#ffffff;padding-top:24px;padding-right:24px;padding-bottom:24px;padding-left:24px;box-shadow:var(--wp--preset--shadow--natural)\">\n<h3 class=\"wp-block-heading\">Verktakar<\/h3>\n\n\n\n<p>Fylgstu me\u00f0 framvindu framkv\u00e6mda og f\u00e1\u00f0u sk\u00fdra sj\u00f3nr\u00e6na yfirs\u00fdn yfir st\u00f6\u00f0u verkefna.<\/p>\n<\/div>\n<\/div>\n\n\n\n<div class=\"wp-block-column is-layout-flow wp-block-column-is-layout-flow\">\n<div class=\"wp-block-group has-background is-layout-constrained wp-container-core-group-is-layout-3bcd2578 wp-block-group-is-layout-constrained\" style=\"border-radius:16px;background-color:#ffffff;padding-top:24px;padding-right:24px;padding-bottom:24px;padding-left:24px;box-shadow:var(--wp--preset--shadow--natural)\">\n<h3 class=\"wp-block-heading\">Fasteignaeigendur<\/h3>\n\n\n\n<p>S\u00fdndu h\u00fasn\u00e6\u00f0i betur me\u00f0 gagnvirkum 3D s\u00fdningum, loftmyndum og faglegri framsetningu.<\/p>\n<\/div>\n<\/div>\n\n\n\n<div class=\"wp-block-column is-layout-flow wp-block-column-is-layout-flow\">\n<div class=\"wp-block-group has-background is-layout-constrained wp-container-core-group-is-layout-3bcd2578 wp-block-group-is-layout-constrained\" style=\"border-radius:16px;background-color:#ffffff;padding-top:24px;padding-right:24px;padding-bottom:24px;padding-left:24px;box-shadow:var(--wp--preset--shadow--natural)\">\n<h3 class=\"wp-block-heading\">H\u00f3tel og fer\u00f0a\u00fej\u00f3nusta<\/h3>\n\n\n\n<p>B\u00e6ttu kynningarefni me\u00f0 3D upplifun, 360 myndum og sterku sj\u00f3nr\u00e6nu efni.<\/p>\n<\/div>\n<\/div>\n\n\n\n<div class=\"wp-block-column is-layout-flow wp-block-column-is-layout-flow\">\n<div class=\"wp-block-group has-background is-layout-constrained wp-container-core-group-is-layout-3bcd2578 wp-block-group-is-layout-constrained\" style=\"border-radius:16px;background-color:#ffffff;padding-top:24px;padding-right:24px;padding-bottom:24px;padding-left:24px;box-shadow:var(--wp--preset--shadow--natural)\">\n<h3 class=\"wp-block-heading\">Fyrirt\u00e6ki og stofnanir<\/h3>\n\n\n\n<p>Hentar vel fyrir skrifstofur, lager, atvinnuh\u00fasn\u00e6\u00f0i og \u00e1standsskr\u00e1ningu eigna.<\/p>\n<\/div>\n<\/div>\n<\/div>\n\n\n\n<div class=\"wp-block-group is-layout-constrained wp-container-core-group-is-layout-389381d4 wp-block-group-is-layout-constrained\" style=\"padding-top:65px;padding-bottom:20px\">\n<h2 class=\"wp-block-heading has-text-align-center\">Fagleg framsetning sem s\u00fdnir meira<\/h2>\n\n\n\n<p class=\"has-text-align-center\">Vi\u00f0 leggjum \u00e1herslu \u00e1 sk\u00fdra framsetningu, \u00e1rei\u00f0anlega vinnu og lausnir sem n\u00fdtast \u00ed raunverulegum verkefnum. Hvort sem markmi\u00f0i\u00f0 er a\u00f0 kynna eign, skr\u00e1 \u00e1stand, fylgjast me\u00f0 framkv\u00e6mdum e\u00f0a b\u00e6ta sj\u00f3nr\u00e6na yfirs\u00fdn, \u00fe\u00e1 hj\u00e1lpar 3Dmyndir.is vi\u00f0 a\u00f0 gera \u00fea\u00f0 \u00e1 faglegan og n\u00fat\u00edmalegan h\u00e1tt.<\/p>\n<\/div>\n\n\n\n<div class=\"wp-block-group is-layout-constrained wp-container-core-group-is-layout-a1e45902 wp-block-group-is-layout-constrained\" style=\"padding-top:30px;padding-bottom:10px\">\n<h2 class=\"wp-block-heading has-text-align-center\">D\u00e6mi um verkefni<\/h2>\n<\/div>\n\n\n\n<div class=\"wp-block-columns alignwide is-layout-flex wp-container-core-columns-is-layout-8e96f76c wp-block-columns-is-layout-flex\">\n<div class=\"wp-block-column is-layout-flow wp-block-column-is-layout-flow\">\n<figure class=\"wp-block-image size-large has-custom-border\"><img fetchpriority=\"high\" decoding=\"async\" width=\"1200\" height=\"901\" src=\"https:\/\/3dmyndir.is\/wp-content\/uploads\/2026\/03\/photo-1560518883-ce09059eeffa.jpg\" alt=\"\" class=\"wp-image-36\" style=\"border-radius:16px\" srcset=\"https:\/\/3dmyndir.is\/wp-content\/uploads\/2026\/03\/photo-1560518883-ce09059eeffa.jpg 1200w, https:\/\/3dmyndir.is\/wp-content\/uploads\/2026\/03\/photo-1560518883-ce09059eeffa-300x225.jpg 300w, https:\/\/3dmyndir.is\/wp-content\/uploads\/2026\/03\/photo-1560518883-ce09059eeffa-1024x769.jpg 1024w, https:\/\/3dmyndir.is\/wp-content\/uploads\/2026\/03\/photo-1560518883-ce09059eeffa-768x577.jpg 768w\" sizes=\"(max-width: 1200px) 100vw, 1200px\" \/><\/figure>\n\n\n\n<h3 class=\"wp-block-heading\">\u00cdb\u00fa\u00f0 e\u00f0a h\u00fasn\u00e6\u00f0i \u00ed 3D<\/h3>\n\n\n\n<p>Matterport sk\u00f6nnun sem s\u00fdnir r\u00fdmi\u00f0 \u00e1 lifandi og gagnvirkan h\u00e1tt.<\/p>\n<\/div>\n\n\n\n<div class=\"wp-block-column is-layout-flow wp-block-column-is-layout-flow\">\n<figure class=\"wp-block-image size-large has-custom-border\"><img decoding=\"async\" width=\"1200\" height=\"675\" src=\"https:\/\/3dmyndir.is\/wp-content\/uploads\/2026\/03\/photo-1503387762-592deb58ef4e.jpg\" alt=\"\" class=\"wp-image-37\" style=\"border-radius:16px\" srcset=\"https:\/\/3dmyndir.is\/wp-content\/uploads\/2026\/03\/photo-1503387762-592deb58ef4e.jpg 1200w, https:\/\/3dmyndir.is\/wp-content\/uploads\/2026\/03\/photo-1503387762-592deb58ef4e-300x169.jpg 300w, https:\/\/3dmyndir.is\/wp-content\/uploads\/2026\/03\/photo-1503387762-592deb58ef4e-1024x576.jpg 1024w, https:\/\/3dmyndir.is\/wp-content\/uploads\/2026\/03\/photo-1503387762-592deb58ef4e-768x432.jpg 768w\" sizes=\"(max-width: 1200px) 100vw, 1200px\" \/><\/figure>\n\n\n\n<h3 class=\"wp-block-heading\">Byggingarsv\u00e6\u00f0i \u00far lofti<\/h3>\n\n\n\n<p>Dr\u00f3nayfirs\u00fdn sem gefur sk\u00fdra mynd af umfangi og st\u00f6\u00f0u framkv\u00e6mda.<\/p>\n<\/div>\n\n\n\n<div class=\"wp-block-column is-layout-flow wp-block-column-is-layout-flow\">\n<figure class=\"wp-block-image size-large has-custom-border\"><img decoding=\"async\" width=\"1200\" height=\"801\" src=\"https:\/\/3dmyndir.is\/wp-content\/uploads\/2026\/03\/photo-1497366754035-f200968a6e72.jpg\" alt=\"\" class=\"wp-image-38\" style=\"border-radius:16px\" srcset=\"https:\/\/3dmyndir.is\/wp-content\/uploads\/2026\/03\/photo-1497366754035-f200968a6e72.jpg 1200w, https:\/\/3dmyndir.is\/wp-content\/uploads\/2026\/03\/photo-1497366754035-f200968a6e72-300x200.jpg 300w, https:\/\/3dmyndir.is\/wp-content\/uploads\/2026\/03\/photo-1497366754035-f200968a6e72-1024x684.jpg 1024w, https:\/\/3dmyndir.is\/wp-content\/uploads\/2026\/03\/photo-1497366754035-f200968a6e72-768x513.jpg 768w\" sizes=\"(max-width: 1200px) 100vw, 1200px\" \/><\/figure>\n\n\n\n<h3 class=\"wp-block-heading\">Atvinnuh\u00fasn\u00e6\u00f0i og fyrirt\u00e6ki<\/h3>\n\n\n\n<p>Sj\u00f3nr\u00e6n framsetning fyrir kynningu, skr\u00e1ningu og yfirs\u00fdn.<\/p>\n<\/div>\n<\/div>\n\n\n\n<div class=\"wp-block-group alignfull has-text-color has-background is-layout-constrained wp-container-core-group-is-layout-127a05d7 wp-block-group-is-layout-constrained\" style=\"color:#ffffff;background-color:#0d1b2a;padding-top:70px;padding-right:20px;padding-bottom:70px;padding-left:20px\">\n<h2 class=\"wp-block-heading has-text-align-center\">Viltu f\u00e1 tilbo\u00f0 \u00ed \u00feitt verkefni?<\/h2>\n\n\n\n<p class=\"has-text-align-center\">Haf\u00f0u samband og f\u00e1\u00f0u n\u00e1nari uppl\u00fdsingar um Matterport sk\u00f6nnun, dr\u00f3namyndat\u00f6ku e\u00f0a 3D skr\u00e1ningu fyrir \u00fe\u00edna eign e\u00f0a framkv\u00e6md.<\/p>\n\n\n\n<div class=\"wp-block-buttons is-content-justification-center is-layout-flex wp-container-core-buttons-is-layout-a89b3969 wp-block-buttons-is-layout-flex\">\n<div class=\"wp-block-button\"><a class=\"wp-block-button__link has-contrast-color has-base-background-color has-text-color has-background wp-element-button\" href=\"\/hafdu-samband\/\">Haf\u00f0u samband<\/a><\/div>\n<\/div>\n<\/div>\n","protected":false},"excerpt":{"rendered":"<p>Sk\u00fdrari yfirs\u00fdn me\u00f0 3D t\u00e6kni 3Dmyndir.is hj\u00e1lpar fyrirt\u00e6kjum, fasteignaeigendum og verkt\u00f6kum a\u00f0 sj\u00e1 eignir, byggingar og verkefni betur me\u00f0 n\u00fat\u00edmalegri [&hellip;]<\/p>\n","protected":false},"author":1,"featured_media":0,"parent":0,"menu_order":0,"comment_status":"closed","ping_status":"closed","template":"","meta":{"_eb_attr":"","site-sidebar-layout":"default","site-content-layout":"","ast-site-content-layout":"default","site-content-style":"default","site-sidebar-style":"default","ast-global-header-display":"","ast-banner-title-visibility":"","ast-main-header-display":"","ast-hfb-above-header-display":"","ast-hfb-below-header-display":"","ast-hfb-mobile-header-display":"","site-post-title":"disabled","ast-breadcrumbs-content":"","ast-featured-img":"","footer-sml-layout":"","ast-disable-related-posts":"","theme-transparent-header-meta":"","adv-header-id-meta":"","stick-header-meta":"","header-above-stick-meta":"","header-main-stick-meta":"","header-below-stick-meta":"","astra-migrate-meta-layouts":"default","ast-page-background-enabled":"default","ast-page-background-meta":{"desktop":{"background-color":"var(--ast-global-color-5)","background-image":"","background-repeat":"repeat","background-position":"center center","background-size":"auto","background-attachment":"scroll","background-type":"","background-media":"","overlay-type":"","overlay-color":"","overlay-opacity":"","overlay-gradient":""},"tablet":{"background-color":"","background-image":"","background-repeat":"repeat","background-position":"center center","background-size":"auto","background-attachment":"scroll","background-type":"","background-media":"","overlay-type":"","overlay-color":"","overlay-opacity":"","overlay-gradient":""},"mobile":{"background-color":"","background-image":"","background-repeat":"repeat","background-position":"center center","background-size":"auto","background-attachment":"scroll","background-type":"","background-media":"","overlay-type":"","overlay-color":"","overlay-opacity":"","overlay-gradient":""}},"ast-content-background-meta":{"desktop":{"background-color":"var(--ast-global-color-4)","background-image":"","background-repeat":"repeat","background-position":"center center","background-size":"auto","background-attachment":"scroll","background-type":"","background-media":"","overlay-type":"","overlay-color":"","overlay-opacity":"","overlay-gradient":""},"tablet":{"background-color":"var(--ast-global-color-4)","background-image":"","background-repeat":"repeat","background-position":"center center","background-size":"auto","background-attachment":"scroll","background-type":"","background-media":"","overlay-type":"","overlay-color":"","overlay-opacity":"","overlay-gradient":""},"mobile":{"background-color":"var(--ast-global-color-4)","background-image":"","background-repeat":"repeat","background-position":"center center","background-size":"auto","background-attachment":"scroll","background-type":"","background-media":"","overlay-type":"","overlay-color":"","overlay-opacity":"","overlay-gradient":""}},"footnotes":""},"class_list":["post-35","page","type-page","status-publish","hentry"],"_links":{"self":[{"href":"https:\/\/3dmyndir.is\/index.php?rest_route=\/wp\/v2\/pages\/35","targetHints":{"allow":["GET"]}}],"collection":[{"href":"https:\/\/3dmyndir.is\/index.php?rest_route=\/wp\/v2\/pages"}],"about":[{"href":"https:\/\/3dmyndir.is\/index.php?rest_route=\/wp\/v2\/types\/page"}],"author":[{"embeddable":true,"href":"https:\/\/3dmyndir.is\/index.php?rest_route=\/wp\/v2\/users\/1"}],"replies":[{"embeddable":true,"href":"https:\/\/3dmyndir.is\/index.php?rest_route=%2Fwp%2Fv2%2Fcomments&post=35"}],"version-history":[{"count":1,"href":"https:\/\/3dmyndir.is\/index.php?rest_route=\/wp\/v2\/pages\/35\/revisions"}],"predecessor-version":[{"id":40,"href":"https:\/\/3dmyndir.is\/index.php?rest_route=\/wp\/v2\/pages\/35\/revisions\/40"}],"wp:attachment":[{"href":"https:\/\/3dmyndir.is\/index.php?rest_route=%2Fwp%2Fv2%2Fmedia&parent=35"}],"curies":[{"name":"wp","href":"https:\/\/api.w.org\/{rel}","templated":true}]}}